**2 + 15. Suppose -13*l + 12*l = t + 4, 24 = -5*l - t. Determine v(l).
-10
Let d be 10*(-27)/(-225)*5 - 4. Let u(q) = 2*q**3 - 2*q**2 + q. Determine u(d).
10
Let c(g) = -g + 37. Suppose -811*p = 3*j - 808*p - 21, -2*j = 4*p - 4. Calculate c(j).
25
Let j(x) = -x**2 - 562*x + 17. Let d be j(0). Let f(m) be the third derivative of 0*m**3 + 0*m + 1/3*m**4 - d*m**2 + 0 + 1/60*m**5. Give f(-7).
-7
Let r(o) = -o**2 + 374. Let b be r(19). Let d(y) = -y**2 + 10*y + 16. Give d(b).
-23
Let a(n) = n**3 - 11*n**2 + 3*n - 13. Let g = -148 + 141. Let q be 11*(-5)/(2 + g). What is a(q)?
20
Let i(l) be the second derivative of l**4/3 + l**3/2 - 3*l**2/2 + 2*l. Let z be i(2). Suppose z*r = 16*r + 9. Let q(f) = -f**3 + 3*f**2 + 2*f + 3. Give q(r).
9
Let x(j) = j - 6. Let c be x(-7). Let g = 22 + -37. Let a = c - g. Let r(s) = -s**2 + 5*s - 1. What is r(a)?
5
Let t(q) be the second derivative of -q**6/60 - q**4/24 + q**3/6 - q**2/2 - q. Let p(k) be the first derivative of t(k). Let d = 1055136 - 1055135. Give p(d).
-2
Suppose -2*r - 3*b - 42 = 0, -11 = r - b + 5. Let l(h) = -2*h**2 - 36*h + 9. What is l(r)?
9
Let b(s) = -13*s**3 + 14*s**2 + 9*s + 9. Let r(c) = -11*c**2 + 5*c**3 - 8*c - 8 + 13*c**3 - 7*c**3. Let h(k) = 5*b(k) + 6*r(k). Calculate h(-5).
-13
Let z(g) = 14*g**2 + 5 - 3 - 11*g**2 - 4*g + 1. Let r be z(1). Let p(v) be the first derivative of v**4/4 - v + 1. Give p(r).
7
Let d(j) = 17*j + 2. Suppose -38 = -2*r + 2*k, -15*k = -3*r - 18*k + 27. Suppose -20*x + 27*x = -r. Give d(x).
-32
Let r(l) be the first derivative of 3*l**2/2 - 26*l - 3542. Calculate r(6).
-8
Let i(c) be the second derivative of -c**5/10 - c**4/3 - c**3/3 - c**2 - 11*c. Let m be i(-2). Let b(l) = -13*l - 4*l + 21*l + 5 - l**m. What is b(4)?
5
Let q(z) = z**2 - 7*z + 1. Let r(j) = j**3 - 4*j**2 - 16*j + 33. Let w be r(6). What is q(w)?
19
Let k(d) = d**3 - d. Let q(w) = 3*w**3 - 15*w**2 - 4*w + 1. Let a(z) = -4*k(z) + q(z). Let u(f) = f**2 + f - 171. Let i be u(12). Calculate a(i).
1
Suppose -l + 3*x = -3*l - 13, -4*x - 12 = 0. Let z(d) = 5*d**2 - 7*d. Let b(c) = 2*c**2 - 3*c. Let j(y) = 9*b(y) - 4*z(y). What is j(l)?
-10
Let g(t) = 13*t**3 - 15*t**2 + 6*t + 16. Let i(k) = 8*k**3 - 10*k**2 + 4*k + 10. Let r(w) = 5*g(w) - 8*i(w). What is r(-5)?
10
Let f(t) = t**2 - 7*t. Let v(m) = -5*m + 21. Let n be v(5). Let r(w) = w**3 + 5*w**2 + 6*w + 3. Let o be r(n). Let q be (o/2)/((-60)/144). Calculate f(q).
-6
Let g = -91 - -87. Suppose 9*z = 15*z - 60. Let u(a) = -5*a - a - 7*a + z*a. Calculate u(g).
12
Suppose 0 = -3*t + 58 + 74. Let f(r) = -13 - t*r - 5 + 31*r + 4. Let g(p) = 6*p + 7. Let m(o) = -2*f(o) - 5*g(o). Calculate m(-5).
13
Let w be 34/6 + (-38)/57. Let v be ((-106)/4)/(2/(-24)). Let n(o) = 318 - v - 3*o. Determine n(w).
-15
Let p be (-198)/(-720) + 8/(-20) - (-30)/(-16). Let a(i) = 10*i**2 - i + 1. What is a(p)?
43
Let j(v) = -v**3 + 5*v**2 - 2*v + 5. Suppose -y - 28 = -29. Let h be y/(-2 - 9/(-5)) + 10. Determine j(h).
-5
Let i(j) = -j**2 - 2*j - 1. Let f(m) = -4*m**2 + 20*m - 18. Let r(y) = f(y) - 6*i(y). What is r(-16)?
-12
Let h(m) = -3*m**2 + 21*m + 20. Let x(u) = -1234*u + 12349. Let p be x(10). Give h(p).
-34
Let d(o) = -602*o**2 + 2*o**3 - 2 - 5*o + 598*o**2 - o**3. Give d(6).
40
Let b be (-18)/(-81) - 176/(-18). Let p be (-130)/(-104)*12/b*-6. Let h(o) = o + 7. What is h(p)?
-2
Let a be 0 + (7 - 4/(3 - 7)). Let l(h) = h - 4. Let p be l(a). Suppose -18 = -p*x - 26. Let s(j) = -2*j**2 - j + 2. Give s(x).
-4
Let g(j) = -1 - 4*j**2 + j**3 + 2 + 2*j**2 + 2*j + 4*j**2. Suppose -31*t - 15 = 47. Give g(t).
-3
Let u be 18/4*-1*98/21. Let x be (-224)/u + 2/6. Let s(z) = -z**2 + 10*z + 7. Calculate s(x).
-4
Let c(o) = -2*o + 20 + 10 - 22. Let a be c(6). Let b be a/((-56)/(-6)) - (-51)/21. Let l(n) = 4*n**2 - 2*n. What is l(b)?
12
Let z(l) = -8 - 7 + 6*l**2 - l**3 + 18 + 6*l. Let y = -395 + 402. Calculate z(y).
-4
Let s = -15 - -14. Let z(y) be the first derivative of -y**4/4 + 3*y**2/2 + 2*y + 16. Let b be z(s). Let h(m) = m**3 + m**2 + 14. Calculate h(b).
14
Suppose -197*q + 245*q + 1056 = 0. Let o(z) = z**2 + 20*z - 54. What is o(q)?
-10
Let p be (-2)/((-3)/(15/20)*(-28)/(-224)). Let v(t) be the third derivative of -t**5/60 - t**4/24 + 2*t**3/3 - t**2. Calculate v(p).
-16
Let m(n) be the second derivative of -n**5/20 - 2*n**4/3 + 5*n**3/3 + 13*n**2/2 - 7*n + 18. Suppose 2*j = 2*p + 28, -40 = 3*p - 5*j + 12. What is m(p)?
4
Let j(i) = 0 - i + 4 - 6 - 3 + 4*i. Let r be (-31)/(-7) + (-12)/(-21). What is j(r)?
10
Let t = -6816 - -6813. Let i(f) = -f**3 + 2*f**2 + 5*f. What is i(t)?
30
Let c(d) be the third derivative of -d**5/120 - d**4/12 + 113*d**3/6 - d**2 - 13. Let b(a) be the first derivative of c(a). Determine b(-7).
5
Let t(l) = 5*l**3 + l**2 + l + 1. Let b be (-3 + 0)*(-590)/30. Let r = -55 + b. Suppose r*c = -c - 5. Give t(c).
-4
Let m(p) be the third derivative of -7*p**5/60 + 7*p**4/24 - 2*p**3/3 - 2349*p**2. Give m(4).
-88
Let b(k) = -16*k**3 - 57*k**2 + 7*k - 46. Let c(a) = -2*a - 104 - 11*a**2 + 95 - 2*a**3 - a**3 + 3*a. Let s(y) = 2*b(y) - 11*c(y). Determine s(-7).
-14
Let n(s) = -27*s**3 - 80*s**2 - 37*s - 83. Let k(d) = 8*d**3 + 26*d**2 + 13*d + 28. Let f(l) = 10*k(l) + 3*n(l). Calculate f(21).
-11
Let h(t) = t**3 - 25*t**2 + t + 23. Let k(g) = -5*g**2 + 4. Let x(z) = 2*h(z) - 11*k(z). Determine x(-4).
-54
Let h(c) be the third derivative of c**4/24 + 2*c**3/3 - 3*c**2. Let a = -82 - -100. Let m be -3 - a/12*4. What is h(m)?
-5
Let o(x) be the second derivative of x**7/840 + x**6/45 + 3*x**5/40 + 3*x**4/8 + 7*x**3/6 - 53*x. Let n(v) be the second derivative of o(v). Calculate n(-7).
-5
Let w = -3376 + 3405. Let t(o) = -2*o + 66. What is t(w)?
8
Let n(r) = 1 + 7*r - 2*r**2 + r**2 + 6. Let s(f) = f**2 - f + 7. Let z(i) = -2*i**2 - 14*i. Let j be z(-7). Let l be s(j). Determine n(l).
7
Let p(b) = 6*b + 10. Let m(i) = 7*i + 16. Let o(r) = -3*m(r) + 4*p(r). Let z(v) = 2*v + 20. Let w be z(-6). Let q = w - 0. Calculate o(q).
16
Let r(f) = -f**3 + f**2 + 9*f - 1. Let y be r(-5). Let i = y - 101. Let a(g) = -4*g - 7. Let b(v) = -v - 1. Let n(m) = a(m) - 6*b(m). What is n(i)?
5
Let j(b) = b**2 + 3*b - 7. Let v be j(-6). Let q(n) = -2*n + 26. Let s be q(v). Let t(k) = -13 + s*k - 4 - 3*k. What is t(7)?
-10
Let h(t) = -2*t**2 - 2538492*t + t**2 + 13 + 2538485*t. Suppose 0 = 5*y - 3*g + 50, 2*g - 6 = y + 4. Give h(y).
-17
Let u(q) = q**2 + q + 1 - q + 0. Let o(b) = 5*b**2 + 5. Let w(t) = 2*o(t) - 11*u(t). Suppose -4*l + 4 = -21*i + 17*i, -8*l = -i - 8. Determine w(l).
-2
Let h(p) be the third derivative of 4*p**2 + 0 + 0*p + 0*p**4 + 1/60*p**5 - 1/120*p**6 - 7/6*p**3. Suppose 2*c - 4*y - 20 = -c, -5*c = y + 5. Determine h(c).
-7
Let i(b) = -11*b - 5. Let l be (105/20 + -5)/(8/(-32)). Determine i(l).
6
Let l(c) = -9*c**2 + 5*c - 1. Let j(x) = 46*x**2 - 21*x - 2. Let o(s) = j(s) + 5*l(s). Calculate o(-3).
-10
Let j(f) be the first derivative of -5*f**3/3 + 11*f**2/2 - 2*f - 4958. Give j(3).
-14
Let w(q) = -4*q**2 + 313*q + 1. Let x(c) = 5*c**2 - 417*c + 1. Let y(d) = 4*w(d) + 3*x(d). Let n(i) = i + 6. Let p be n(-6). Determine y(p).
7
Let k(n) = 27*n**2 - 80*n + 185. Let j(p) = -11*p**2 + 40*p - 93. Let d(q) = 5*j(q) + 2*k(q). What is d(38)?
-19
Let x(j) = -15 + 1 + 80*j + 37*j - 104*j. Give x(6).
64
Let n(j) = -j**3 + 9*j**2 + 5*j + 52. Let v be n(10). Let u(i) = 10 - v*i + 2*i - i - 5. Calculate u(0).
5
Let l = -42125 + 42116. Let s(j) be the second derivative of -j**3/6 - 13*j**2/2 - 4*j. Give s(l).
-4
Let f = -237 - -244. Let k(x) = 4*x - 8*x - 7*x + f*x + x**2. Let c(n) = n**3 - 3*n**2 + 2*n - 1. Let l be c(3). Give k(l).
5
Let i = 230 - 328. Let q = -102 - i. Let k(y) = -y**3 - 3*y**2 + 6*y + 4. Give k(q).
-4
Let u(i) = -7*i**2 - i - 1. Let s(l) = -6*l**2 - 1. Let k(f) = -4*s(f) + 3*u(f). Let y = -163761 - -163764. Give k(y).
19
Let y be 4 - (-5)/(-20)*4. Let r(g) = 0*g + 6*g**y - 434*g**2 + g + 433*g**2. Determine r(1).
6
Let k(n) be the third derivative of -n**6/120 - n**5/15 - n**4/8 + n**2. Let m = -43 - -29. Let i = 12 + m. Calculate k(i).
-2
Let x be 12/21*7/2. Suppose 4*a - 10 = x. Let t(v) = -4*v + 1. Give t(a).
-11
Let x(k) be the second derivative of -k**5/20 + 11*k**4/12 - k**3/6 - 9*k**2/2 + 18*k - 15. Let b be ((-33)/(-6))/(10/20). What is x(b)?
-20
Suppose -